der when b is divided by y?
51
Calculate the remainder when (-4)/(-22) + 12*15778/462 + -6 is divided by 399.
5
Calculate the remainder when ((-142)/7)/(39/(-819)) is divided by 30.
6
Suppose 289 - 77 = 4*k. Suppose -2*u - k = -5*f + u, -2*f + 4*u = -10. Let c = 149 - 99. What is the remainder when c is divided by f?
11
Let m(f) = f**3 + 24*f**2 - 9*f + 45. Let p be m(-25). Let u = p - -369. What is the remainder when 18 is divided by u?
4
Let v(o) = 50*o**2 + 117*o - 238. Calculate the remainder when v(2) is divided by 96.
4
Suppose 259*x - 260*x - u = -2024, 6016 = 3*x - 5*u. What is the remainder when x is divided by 43?
39
Suppose -3*r - 15 = 0, 2*s + 54 = -r + 525. Suppose s = 5*a - 2*x, a = 6*x - 2*x + 62. Calculate the remainder when 82 is divided by a.
36
Suppose -g = 8*g + 126. Let u be 26/91 - 136/g. Calculate the remainder when 229 is divided by (91 + 1)/(20/u).
45
Let s(h) = h + 2836. Calculate the remainder when s(40) is divided by 45.
41
Let m = -96 + 94. Suppose -220 = -2*f - 2*f. Calculate the remainder when f is divided by (-45 + -3)/m - (-2 - -7).
17
Let t = -3213 - -3268. What is the remainder when 100 is divided by t?
45
Let r = 5 + 17. Suppose -128*c + 1336 - 1135 = -3639. What is the remainder when c is divided by -1*3/((-6)/r)?
8
Suppose 193 = c + 4*m, -30*c - 3*m = -25*c - 1016. What is the remainder when c is divided by 48?
13
Let w = 1560 - 1450. What is the remainder when w is divided by 24?
14
Let s(j) = 7*j - 5. Let y be s(-11). Let a = -123 - -57. Let q = a - y. What is the remainder when 43 is divided by q?
11
Suppose -1428 = 20*b - 122*b. Calculate the remainder when 134 is divided by b.
8
Suppose 2*t - 6*w = -3*w - 33, 3*t + 4*w = -75. Let k(h) = 10*h**2 - h - 24. What is the remainder when k(3) is divided by (-366)/t + 6/(-14)?
12
Suppose 3*g - 149 = -5*i, 5*g + 5*i = 7*g - 141. Calculate the remainder when 87 is divided by g.
29
Suppose -115*u + 111092 + 168048 = 2680. What is the remainder when u is divided by 219?
214
Let j(h) = 7*h + 79. Suppose -26*q - 9 = -25*q. What is the remainder when j(q) is divided by 11?
5
Let f = -1032 - -686. Let g = f - -637. Calculate the remainder when g is divided by 49.
46
Suppose 0 = -0*b + 6*b + 108342. What is the remainder when 107 is divided by 2/15 - b/585?
14
Let u(o) = 2*o - 16. Let d be u(9). Let c be d/(-4)*(-2 + -30 + 4). Suppose -b - 5*h = -1, -3*h - c = -2*b - h. What is the remainder when 23 is divided by b?
5
Suppose -1155 - 2982 = -21*z. Let v = 136 + z. What is the remainder when v is divided by 16?
13
Let h(i) = -6*i + 38. Let p(z) = z - 7. Let u(c) = 2*h(c) + 11*p(c). What is the remainder when 104 is divided by u(-16)?
14
Suppose -2*b = 2*x + 1770, -3*x - 4404 = 2*x - 2*b. Let u be x/(-14)*(1 + 0)*1. What is the remainder when ((-77)/(-21))/(((-12)/u)/(-4)) is divided by 27?
23
Suppose -12614 = -138*a - 100*a. What is the remainder when 8214 is divided by a?
52
Let v = -5559 - -6204. Calculate the remainder when v is divided by 203.
36
Let c(r) = -137*r**3 - 10*r**2 + 37*r + 168. Calculate the remainder when c(-4) is divided by 83.
79
Let y(d) = -6*d - 1. Let l be ((-2)/20)/((-24)/(-96))*10. Calculate the remainder when y(-6) is divided by -6 - 15/(-1) - l.
9
Suppose -7*i + 102 = 9839. Let a = -984 - i. Calculate the remainder when a is divided by 12.
11
Let r = 49 - 14. Let l(x) = -x**2 - 6*x + 29. Let w be l(6). Let t = 25 - w. Calculate the remainder when t is divided by r.
33
Let s = -283 - -313. Let n = 34 - s. What is the remainder when 29 is divided by n?
1
Let y(d) = d**3 - 17*d**2 - 52*d + 649. Calculate the remainder when y(18) is divided by (-244)/(-12) + 8/(-6) - -1.
17
Suppose -3*i - 3*m = i + 47, 5*i + 56 = -m. Let g(l) be the first derivative of l**3/3 + 2*l**2 + 10*l - 15. Calculate the remainder when g(i) is divided by 15.
12
Suppose -128564*f = -128585*f + 5733. Calculate the remainder when 1645 is divided by f.
7
Let f(w) = 5*w**2 - 50*w - 15. What is the remainder when f(-5) is divided by 121?
118
Calculate the remainder when (-7230)/(-4) + (-7 - (8 + 155/(-10))) is divided by 27.
26
Let s(a) = -a**3 - 19*a**2 - 22*a - 12. Let z(m) = m**2 + 9*m + 2. Let q be z(-4). Calculate the remainder when s(q) is divided by 21.
18
Suppose -35*w + 18995 - 3315 = 0. Suppose -33*v + w = -5*v. Suppose -2*x - 6 + 52 = -2*l, -4*l = -5*x + 119. What is the remainder when x is divided by v?
11
Let z = 5382 + -5196. Let m = -11 - -28. Calculate the remainder when z is divided by m.
16
Suppose 3*x - 8 = -5*a, -x + 5*a = 4*x - 80. Let c = 77 - 69. What is the remainder when c*30/(-36)*9/(-2) is divided by x?
8
Suppose 0 = 32*j - 28*j - 12. Suppose 0 = -j*a + 3 - 3. Calculate the remainder when (2 + a)*(18 + 49) is divided by 45.
44
Let h(d) = 11*d + 76. Let q be h(-7). Calculate the remainder when (2 + q - 0) + (-119 - -126) is divided by 5.
3
Suppose c + 7*z - 43 = 9*z, 0 = -z - 8. Calculate the remainder when c is divided by 21 - (1 + -1 + -1).
5
Let q(z) = -3*z + 28 + 13 + 8. Let y be q(15). Suppose y*w - w = 513. Calculate the remainder when w is divided by 29.
26
What is the remainder when 261 is divided by (192/15 + -13)*-485?
67
Suppose -3*g - g = 44. Let a be 11/(-33)*(2 - -1)*g. Suppose a*i + 7*i = 1800. Calculate the remainder when i is divided by 15.
10
Let n = -341 - -515. Let b = -30 + 32. Calculate the remainder when n is divided by b/10 + 522/15.
34
Let j = -514 + 962. Let c = -392 + j. Calculate the remainder when c is divided by 34.
22
Suppose 0 = 142*x - 135*x - 273. Suppose 6*s - x = 57. Calculate the remainder when 93 is divided by s.
13
Let h(p) = -3*p**2 - 76*p - 149. Let o(m) = 2*m**2 + 51*m + 99. Let y(c) = -5*h(c) - 7*o(c). Calculate the remainder when 95 is divided by y(-22).
5
Let f(h) = h**3 + 26*h**2 - 57*h - 26. Let j be f(-28). Suppose 0 = 5*d + c - 75, 73*d + j*c - 60 = 69*d. What is the remainder when 102 is divided by d?
12
Suppose 4*y + 4*g + 15 = -g, -2*g = -2*y + 6. Suppose y = 3*k - 38 + 2. Let z(x) = x - 5. What is the remainder when 33 is divided by z(k)?
5
Let v be (-459)/72 + 3/8. Suppose -463 = -22*n + 2881. Calculate the remainder when n is divided by (v - -5)/(4/(-88)).
20
Let r(i) = -i**2 + 16*i + 11. Let w(k) = k + 48. Let h be w(0). Suppose -3*n = -4*v - 34, 18 + h = 4*n + 5*v. What is the remainder when 114 is divided by r(n)?
36
Let q be 3/(3/7) - (9 + -10). Let h(n) = 2*n**2 - 12*n - 12. Suppose j = 2*j - 14. What is the remainder when h(q) is divided by j?
6
Let w = -17818 + 17843. Calculate the remainder when 1694 is divided by w.
19
Let g(j) = 23*j - 43 - 36*j + 26*j. Calculate the remainder when 242 is divided by g(6).
32
Suppose 5*w + 21*w - 5005 = -39*w. What is the remainder when 196 is divided by w?
42
Suppose x + 60 = -2*i, 2*x - 2*i + 109 + 23 = 0. What is the remainder when 6/(-12)*8 + x/(-1) is divided by 36?
24
What is the remainder when (-4681)/(-453)*1/((-1)/(-60)) is divided by 6?
2
Suppose -k + 6*k - 10 = 0. Let n = 14 + k. Calculate the remainder when 67 is divided by n.
3
Let c(d) = -d**3 - 9*d**2 - 18*d - 23. Let j be c(-7). What is the remainder when 1 + 385/(j + 0) is divided by 32?
14
Let w(r) = 8*r - 2*r - 16*r + 8 - 26*r - 5*r**2. What is the remainder when ((-20)/(-3))/(3/9) is divided by w(-7)?
5
What is the remainder when (132/165)/(0 - 1)*-525 is divided by 376?
44
Suppose q + 4*q = 30. Suppose g - 515 = -2*i, -5*g = 4*i + 91 - 2636. Let a = -502 + g. Calculate the remainder when q is divided by a.
0
Suppose -2*c + 4*c = 336. Let u = -30 + c. Calculate the remainder when u is divided by 64.
10
Suppose -181 = -3*x - 175. Suppose 18*f = 92 - x. What is the remainder when 378 is divided by f?
3
Suppose 18 = -3*l - 4*t, 0 = 3*l - 82*t + 81*t - 27. Suppose -2*z + 4*z + 69 = 3*n, 0 = -3*n + 3*z + 69. Calculate the remainder when n is divided by l.
5
Suppose x - 9 = 31. Let r be -3 - (-11 + 5) - -1. Suppose -z - 70 = -5*y, 3*y = y - r*z + 50. What is the remainder when x is divided by y?
10
Let o be 5 + (-6)/(-9)*(-27)/6. Suppose 32 = o*d - x, 0 = -2*d + 4*d - 5*x - 48. What is the remainder when 93 is divided by d?
9
Suppose c = -4*c + 120. Let s = -178 + 175. Let n(h) = -24*h + 22. Calculate the remainder when n(s) is divided by c.
22
Suppose -125 = 39*d - 34*d. Let v = 38 - d. 